{"id":2,"date":"2025-07-09T15:58:33","date_gmt":"2025-07-09T15:58:33","guid":{"rendered":"http:\/\/heymech.fr\/?page_id=2"},"modified":"2026-04-28T21:59:50","modified_gmt":"2026-04-28T21:59:50","slug":"sample-page","status":"publish","type":"page","link":"https:\/\/heymech.fr\/","title":{"rendered":"Acceuil"},"content":{"rendered":"\n<p><\/p>\n\n\n\n<p>Vos services mobilit\u00e9 \u00e0 domicile <\/p>\n\n\n\n<p>HeyMech met en relation les propri\u00e9taires de v\u00e9hicules avec des prestataires qualifi\u00e9s (Joobers) pour des interventions \u00e0 domicile. Voiture, moto, v\u00e9lo, trottinette \u2014 r\u00e9servez en 3 clics, assurance incluse<\/p>\n\n\n\n<ul class=\"wp-block-list\">\n<li>\ud83d\udd27 Prestataires qualifi\u00e9s pr\u00e8s de chez vous<\/li>\n\n\n\n<li>\ud83d\udee1\ufe0f Assurance incluse sur chaque mission<\/li>\n\n\n\n<li>\u2b50 Comparez les notes et les tarifs, vous choisissez<\/li>\n<\/ul>\n\n\n\n<p>\ud83d\ude80 HeyMech arrive bient\u00f4t.Soyez parmi les premiers \u00e0 en profiter.: <\/p>\n\n\n\n<p>\ud83d\udc64 Vous \u00eates client ? R\u00e9servez vos premiers services au meilleur prix.<\/p>\n\n\n\n<p>\ud83d\udd27 Vous \u00eates prestataire ? Rejoignez la plateforme qui respecte votre travail.<\/p>\n\n\n\n<p>\ud83d\udce9 Pr\u00e9-inscrivez-vous : contact@heymech.fr<\/p>\n\n\n\n<figure class=\"wp-block-gallery has-nested-images columns-default is-cropped wp-block-gallery-1 is-layout-flex wp-block-gallery-is-layout-flex\">\n<figure class=\"wp-block-image size-large\"><img loading=\"lazy\" decoding=\"async\" width=\"1024\" height=\"1024\" data-id=\"34\" src=\"http:\/\/heymech.fr\/wp-content\/uploads\/2026\/04\/file_000000007c9861f49f5e234faf3ccac6-1d4e0c1f-ef76-4c0c-9bf9-681b1e1d7257.png\" alt=\"\" class=\"wp-image-34\" srcset=\"https:\/\/heymech.fr\/wp-content\/uploads\/2026\/04\/file_000000007c9861f49f5e234faf3ccac6-1d4e0c1f-ef76-4c0c-9bf9-681b1e1d7257.png 1024w, https:\/\/heymech.fr\/wp-content\/uploads\/2026\/04\/file_000000007c9861f49f5e234faf3ccac6-1d4e0c1f-ef76-4c0c-9bf9-681b1e1d7257-300x300.png 300w, https:\/\/heymech.fr\/wp-content\/uploads\/2026\/04\/file_000000007c9861f49f5e234faf3ccac6-1d4e0c1f-ef76-4c0c-9bf9-681b1e1d7257-150x150.png 150w, https:\/\/heymech.fr\/wp-content\/uploads\/2026\/04\/file_000000007c9861f49f5e234faf3ccac6-1d4e0c1f-ef76-4c0c-9bf9-681b1e1d7257-768x768.png 768w\" sizes=\"auto, (max-width: 1024px) 100vw, 1024px\" \/><\/figure>\n<\/figure>\n","protected":false},"excerpt":{"rendered":"<p>Vos services mobilit\u00e9 \u00e0 domicile HeyMech met en relation les propri\u00e9taires de v\u00e9hicules avec des prestataires qualifi\u00e9s (Joobers) pour des interventions \u00e0 domicile. Voiture, moto, v\u00e9lo, trottinette \u2014 r\u00e9servez en 3 clics, assurance incluse \ud83d\ude80 HeyMech arrive bient\u00f4t.Soyez parmi les premiers \u00e0 en profiter.: \ud83d\udc64 Vous \u00eates client ? R\u00e9servez vos premiers services au meilleur [&hellip;]<\/p>\n","protected":false},"author":1,"featured_media":0,"parent":0,"menu_order":0,"comment_status":"closed","ping_status":"open","template":"","meta":{"footnotes":""},"class_list":["post-2","page","type-page","status-publish","hentry"],"_links":{"self":[{"href":"https:\/\/heymech.fr\/index.php\/wp-json\/wp\/v2\/pages\/2","targetHints":{"allow":["GET"]}}],"collection":[{"href":"https:\/\/heymech.fr\/index.php\/wp-json\/wp\/v2\/pages"}],"about":[{"href":"https:\/\/heymech.fr\/index.php\/wp-json\/wp\/v2\/types\/page"}],"author":[{"embeddable":true,"href":"https:\/\/heymech.fr\/index.php\/wp-json\/wp\/v2\/users\/1"}],"replies":[{"embeddable":true,"href":"https:\/\/heymech.fr\/index.php\/wp-json\/wp\/v2\/comments?post=2"}],"version-history":[{"count":7,"href":"https:\/\/heymech.fr\/index.php\/wp-json\/wp\/v2\/pages\/2\/revisions"}],"predecessor-version":[{"id":37,"href":"https:\/\/heymech.fr\/index.php\/wp-json\/wp\/v2\/pages\/2\/revisions\/37"}],"wp:attachment":[{"href":"https:\/\/heymech.fr\/index.php\/wp-json\/wp\/v2\/media?parent=2"}],"curies":[{"name":"wp","href":"https:\/\/api.w.org\/{rel}","templated":true}]}}